- 14. Calculate the greatest common divisor of 2 and y.
1
Let a(u) = -15*u - 25. Let h be a(-6). What is the highest common factor of h and 13?
13
Suppose -5*r + 8 = -r. Let n be -5 + 51 - r/(-1). What is the highest common factor of n and 6?
6
Let o be ((-28)/12 - -1)*-6. Suppose o = w - 1. What is the highest common factor of 6 and w?
3
Let b be 96/(-28) + 3 - 185/(-7). What is the greatest common divisor of 2 and b?
2
Let i(s) = 54*s**2 + 2*s - 1. Let k be i(1). What is the highest common divisor of k and 5?
5
Let j = 0 + 12. Let i = j + -7. Calculate the greatest common divisor of i and 45.
5
Let q(b) = b**2 - 4*b - 7. Let k be q(8). Let h = 53 - k. Suppose 0 = 5*g + 4*o - 0*o - 230, -20 = -4*o. Calculate the highest common divisor of h and g.
14
Let f = 37 + -34. Let q be (-262)/(-4) - 3/(-6). Suppose w - q = -w. What is the highest common factor of w and f?
3
Let j(o) = 2*o - 3 - 5*o + 2*o**2 + o**2. Let x be j(4). What is the greatest common factor of x and 22?
11
Let q = -20 + 20. Suppose -3*n + 68 + 22 = q. What is the greatest common factor of n and 75?
15
Let s(r) = 15*r**2 + r + 1. Let d be s(-1). Let l = d - 1. Calculate the greatest common factor of l and 14.
14
Let j be (-288)/(-2*1) + -2. Let t = j - 61. Let a = -182 - -191. What is the greatest common factor of t and a?
9
Suppose -3*j + 6*j = -4*s + 75, -4*s = -j - 71. Suppose 25*k - 225 = 20*k. Calculate the highest common factor of k and s.
9
Let y(m) = -7*m**2 + 2*m - 1. Let g be y(1). Let q = 18 + g. Calculate the highest common factor of q and 30.
6
Suppose 2*y - 12 = -2*z - 0*y, 0 = -3*z - 2*y + 14. Let v be 0 + 8 + z/2. Let j be (-2)/(-6) - (-51)/v. What is the greatest common factor of j and 48?
6
Let q be 65 - (0 - (0 + -2)). Suppose z - 5*z + 332 = 0. Let x be z/4 + 3/12. Calculate the highest common divisor of q and x.
21
Let k be (-4)/18 - 4/(-18). Let n be (-4)/(k - 2/(-8)). Let f = -6 - n. Calculate the greatest common divisor of 80 and f.
10
Let j = 0 + 4. Suppose -83 = 5*i - j*w, 4*i + 91 = -0*i - 5*w. Let q = 39 + i. What is the greatest common divisor of 50 and q?
10
Suppose 1960 = 35*t - 30*t. What is the greatest common factor of 49 and t?
49
Suppose 5*v + s + 18 = 59, -3*v + 23 = s. Calculate the highest common factor of 81 and v.
9
Let y(d) = d**3 - 4*d**2 + d - 2. Let o be y(5). What is the greatest common divisor of 7 and o?
7
Let q = 7 + -5. Suppose -3*y = -5*d + q*y + 15, 49 = 3*d + 5*y. Calculate the highest common factor of 24 and d.
8
Let b = 8 + -6. Let t be 0 + 0 + b + -1. Suppose -t = -4*i + 79. What is the greatest common divisor of 5 and i?
5
Let y = -183 + 268. Let a be (-6 + 1)/(2/18). Let j = 79 + a. What is the highest common divisor of y and j?
17
Let u be 8/10*(-225)/(-10). Suppose -2*r + 2*w + 94 = -2*w, -3*r + w + 136 = 0. Calculate the greatest common divisor of r and u.
9
Suppose -10 = s - 0*s. Let u = 61 + -43. Let d = s + u. What is the highest common factor of d and 88?
8
Let m = -25 - -26. Let h be (m/(-2))/(4/(-48)). What is the greatest common factor of h and 3?
3
Suppose 2*q + 40 - 16 = 0. Let m be -4*3/(q/23). What is the highest common divisor of 207 and m?
23
Suppose 5*q = n - 35, -5*n - 56 = -5*q - 251. Suppose 3*h - 2*h - n = 0. Calculate the greatest common divisor of h and 5.
5
Let q = 177 + -165. What is the highest common divisor of q and 276?
12
Suppose -49 = -d + 168. Suppose 0 = -4*a - 37 + d. Calculate the highest common divisor of 5 and a.
5
Let s(m) = 4*m**2 + m - 1. Let l be s(-2). Let f = -3 + 16. Calculate the highest common divisor of f and l.
13
Let m = -3 + 15. Let c = 49 + 59. What is the highest common factor of c and m?
12
Let c(f) = f + 3. Suppose -3*a = -a. Let b be c(a). Suppose 3*q = -3*x + 60, 3*q + 0 + 3 = 0. Calculate the greatest common factor of b and x.
3
Let v(i) = i + 9. Let b be v(-6). Suppose p = 3*y - 33, -y + 2 + 9 = -b*p. What is the greatest common divisor of 33 and y?
11
Let m(l) = -l**3 - 14*l**2 + 16*l + 19. Let y be m(-15). Let v be 66/y + 6/(-12). Calculate the greatest common divisor of 64 and v.
16
Let l = 40 - 16. Let y = l - 14. Suppose 120 = 3*j - 0*j. What is the highest common factor of y and j?
10
Suppose c - 6*c = 0. Suppose c = -0*y + y - 2. Let l be 32/1*y/4. Calculate the highest common divisor of 8 and l.
8
Let m(i) = i + 11. Suppose -5 = -2*c - 23. Let f be m(c). Calculate the highest common divisor of f and 6.
2
Let l(u) = -u**2 + 14*u - 18. Let c be l(12). Let i(g) = g**3 - 6*g**2 + 8*g - 3. Let n be i(c). Calculate the highest common factor of 15 and n.
15
Let t be 2*(0/2 + 10). Suppose -3*n + 2*n + 24 = -4*p, 2*n - 35 = -5*p. Calculate the highest common divisor of t and n.
20
Suppose 0*y + 3*y + 2*o = 95, 94 = 3*y + o. Let w = y - -13. Calculate the highest common divisor of w and 11.
11
Let r be ((-18)/4)/(15/(-20)). Let s be (-242)/(-8) + 1/8*-2. Calculate the greatest common divisor of s and r.
6
Let x(d) = -d + 4. Let n be -3*(-2 + 1 + 2). Let w be x(n). Suppose 2*l = 2 + 26. Calculate the greatest common divisor of w and l.
7
Let s be 20/(-2 + 0)*36/(-8). Let z(i) = -i**3 - 6*i**2 - 2*i + 6. Let y be z(-6). Calculate the highest common factor of y and s.
9
Let z be -10*(1 + 21/(-15)). Let k = z - 0. Suppose -2*t + 52 = k. What is the highest common factor of t and 48?
24
Suppose 5 = -5*t + 5*g, 2*t - 2*g + 5 = g. Calculate the highest common divisor of t and 1.
1
Suppose 4*x = -3*a + 262, 3*a + 275 = 5*x - 39. What is the greatest common divisor of x and 16?
16
Let r = 63 - 43. What is the highest common factor of r and 4?
4
Let n(r) = 2*r + 1. Let q be n(13). Calculate the highest common factor of q and 3.
3
Suppose 0 = -5*i - 2*l + 290, -3*i + 170 = -9*l + 11*l. What is the greatest common factor of i and 540?
60
Let l be (1/(-1))/((-6)/66). Calculate the highest common factor of 11 and l.
11
Suppose -43 = 4*q + 4*c - 107, 3*c + 99 = 4*q. Suppose -2*a + 4*p = -14, -3*a + p + 35 = 2*a. What is the greatest common divisor of q and a?
7
Suppose -8*l = -l - 105. Calculate the highest common factor of 105 and l.
15
Let d be (-8)/20 + 34/10. Suppose 5*g = d*g. Suppose g*o - 36 = -4*o. What is the greatest common factor of 99 and o?
9
Suppose 0*d = -d - 1. Let o be 1 - 9/3*d. What is the highest common factor of o and 1?
1
Let n = -12 + 26. Let z = -11 + n. What is the highest common divisor of 15 and z?
3
Let i be 4/16*-10*-2. Calculate the greatest common factor of i and 1.
1
Let m(s) = -s**3 + 9*s**2 - 8*s + 6. Let h be m(8). What is the highest common factor of h and 6?
6
Suppose -5 = 8*j - 133. Calculate the highest common factor of 64 and j.
16
Suppose 0 = 2*r + 2*r - 96. Let m be 126/105*(-10)/(-2). Calculate the highest common divisor of r and m.
6
Suppose -2*s + s + 120 = 0. Calculate the greatest common divisor of 48 and s.
24
Let i(z) = z**3 - z + 1. Suppose -j + 4 + 8 = -3*a, -3*a = 9. Let w be i(j). Let d = w + -5. Calculate the highest common factor of 20 and d.
20
Let b(q) = -60*q**2 + 4*q - 1. Let m be b(4). Let x = m - -549. Let g = -275 - x. Calculate the highest common factor of g and 11.
11
Suppose 3*v - 89 + 62 = 0. Calculate the highest common factor of v and 45.
9
Let y(p) = -2*p - 3. Let a = 13 - 8. Suppose a*j + 15 = -0*j. Let l be y(j). Calculate the highest common factor of l and 1.
1
Let v = 52 - 34. Suppose 0*l = -3*l + v. Calculate the highest common factor of 4 and l.
2
Let l = 81 + -77. Calculate the greatest common factor of 14 and l.
2
Let q be (15/2)/((-2)/(-4)). Calculate the highest common factor of q and 165.
15
Let p = 13 - 5. What is the highest common factor of p and 20?
4
Let l(j) = 25*j**2. Let n be l(-1). Suppose -n = 4*a - 85. What is the greatest common divisor of a and 15?
15
Suppose 2*v = 37 + 3. Let m be 8*(-4 + 5 + 0). Calculate the greatest common factor of v and m.
4
Suppose -4*k - 2*c = -12, 2*c - 1 = -9. Suppose k*z = z + 100. What is the highest common factor of 50 and z?
25
Suppose -2 = -f, -4*r + 4*f - 11 = 9. Let v be 1/r + 64/3. Suppose 9*n - 4*n = -4*k + 43, 2*k - v = -3*n. Calculate the highest common factor of 3 and k.
3
Suppose -2*k + 2*g + 14 = 6*g, 39 = 2*k - g. Let r = 126 - 75. Calculate the greatest common divisor of k and r.
17
Let q = -262 + 44. Let d be q/(-2) + 2 - 1. Suppose -k - 15 = 